{"id":108,"date":"2019-10-16T17:48:55","date_gmt":"2019-10-16T15:48:55","guid":{"rendered":"http:\/\/www.datow-kfz.de\/datow\/?page_id=108"},"modified":"2023-01-11T23:59:04","modified_gmt":"2023-01-11T22:59:04","slug":"anfahrt","status":"publish","type":"page","link":"https:\/\/www.datow-kfz.de\/?page_id=108","title":{"rendered":"Anfahrt"},"content":{"rendered":"\n<h4 class=\"has-black-color has-text-color wp-block-heading\">So finden Sie uns<\/h4>\n\n\n\n<p class=\"has-black-color has-text-color\">Unsere Werkstatt befindet sich im Stadtteil Magdeburg-Sudenburg &#8211; direkt hinter der Ambrosiuskirche. Wenn Sie mit Ihrem Pkw \u00fcber die Stadtautobahn zu uns fahren, nehmen Sie bitte folgende Abfahrten:<br> <\/p>\n\n\n\n<p class=\"has-black-color has-text-color\">Aus S\u00fcden kommend:<\/p>\n\n\n\n<p class=\"has-black-color has-text-color\">Abfahrt Fermersleber Weg,<br>nach links bis zu Ampelkreuzung Halberst\u00e4dter Stra\u00dfe,<br>der Stra\u00dfe ca. 300 m folgen bis zur Ambrosiuskirche (rechts),<br>in die Einbahnstra\u00dfe vor der Kirche einbiegen,<br>hinter der Kirche in der 2. Kurve haben Sie uns erreicht.<br>  <\/p>\n\n\n\n<p class=\"has-black-color has-text-color\">Aus Norden kommend:<\/p>\n\n\n\n<p class=\"has-black-color has-text-color\">Abfahrt Halberst\u00e4dter Stra\u00dfe (H\u00f6he Justizgeb\u00e4ude),<br>nach rechts auf die Halberst\u00e4dter Stra\u00dfe,<br>der Stra\u00dfe ca. 900 m folgen bis zur Ambrosiuskirche (rechts),<br>in die Einbahnstra\u00dfe vor der Kirche einbiegen,<br>hinter der Kirche in der 2. Kurve haben Sie uns erreicht.<\/p>\n\n\n\n<p class=\"has-black-color has-text-color\">Wenn Sie aus den Stadtteilen Olvenstedt, Diesdorf oder Stadtfeld kommen, fahren Sie am besten \u00fcber den Europaring \/ den Westring zum S\u00fcdring. Dort rechts auf die Halberst\u00e4dter Stra\u00dfe bis zur Ambrosiuskirche (s.o.).<\/p>\n\n\n\n<p class=\"has-black-color has-text-color\">F\u00fcr eine Anfahrt au\u00dferhalb Magdeburgs k\u00f6nnen Sie auch den Service von Google-Maps (bitte beachten Sie, dass beim Anzeigen der Karte Daten an Google \u00fcbertragen werden) nutzen, den wir hier f\u00fcr Sie schon vorbereitet haben:<\/p>\n\n\n    <div class=\"exggmap-wrapper is-style-wide\" style=\"aspect-ratio:16 \/ 9\">\r\n      <div class=\"exggmap-mask\" style=\"background-color: #e5e5e5; color:#e5e5e5\">\r\n        <div class=\"exggmap-mask-content\">\r\n        <p class=\"exggmap-caption\">DSGVO MAP<\/p>\r\n            <button style=\"color: #e5e5e5; background-color: #021477; border-color: #e5e5e5\"  id=\"exggmap-btn\">Karte anzeigen *<\/button>\r\n        <\/div>\r\n              <\/div>\r\n      <iframe\r\n        data-src=\"https:\/\/www.google.com\/maps\/embed?pb=!1m18!1m12!1m3!1d2450.346790132711!2d11.595113215498182!3d52.10981867973869!2m3!1f0!2f0!3f0!3m2!1i1024!2i768!4f13.1!3m3!1m2!1s0x47a5f5bd56a1767d%3A0x5630f9d1a1da81c3!2sDatow%20GmbH!5e0!3m2!1sde!2sde!4v1673477316667!5m2!1sde!2sde\"\r\n        frameborder=\"0\"\r\n        allowfullscreen=\"\"\r\n        aria-hidden=\"false\"\r\n        tabindex=\"0\">\r\n      <\/iframe>\r\n    <\/div>\r\n    <p class=\"exampp-hints\">\r\n    * Mit dem Laden der Karte akzeptieren Sie die Datenschutzerkl\u00e4rung von Google.      <a\r\n        target=\"_blank\"\r\n        rel=\"noopener noreferrer\"\r\n        href=\"https:\/\/policies.google.com\/privacy?hl=de\">Mehr erfahren<\/a>\r\n    <\/p>\r\n\t\n","protected":false},"excerpt":{"rendered":"<p>So finden Sie uns Unsere Werkstatt befindet sich im Stadtteil Magdeburg-Sudenburg &#8211; direkt hinter der Ambrosiuskirche. Wenn Sie mit Ihrem Pkw \u00fcber die Stadtautobahn zu uns fahren, nehmen Sie bitte <a class=\"more-link\" href=\"https:\/\/www.datow-kfz.de\/?page_id=108\">[ . . . ]<\/a><\/p>\n","protected":false},"author":1,"featured_media":228,"parent":0,"menu_order":0,"comment_status":"closed","ping_status":"closed","template":"","meta":{"footnotes":""},"class_list":["post-108","page","type-page","status-publish","has-post-thumbnail","hentry"],"_links":{"self":[{"href":"https:\/\/www.datow-kfz.de\/index.php?rest_route=\/wp\/v2\/pages\/108","targetHints":{"allow":["GET"]}}],"collection":[{"href":"https:\/\/www.datow-kfz.de\/index.php?rest_route=\/wp\/v2\/pages"}],"about":[{"href":"https:\/\/www.datow-kfz.de\/index.php?rest_route=\/wp\/v2\/types\/page"}],"author":[{"embeddable":true,"href":"https:\/\/www.datow-kfz.de\/index.php?rest_route=\/wp\/v2\/users\/1"}],"replies":[{"embeddable":true,"href":"https:\/\/www.datow-kfz.de\/index.php?rest_route=%2Fwp%2Fv2%2Fcomments&post=108"}],"version-history":[{"count":11,"href":"https:\/\/www.datow-kfz.de\/index.php?rest_route=\/wp\/v2\/pages\/108\/revisions"}],"predecessor-version":[{"id":360,"href":"https:\/\/www.datow-kfz.de\/index.php?rest_route=\/wp\/v2\/pages\/108\/revisions\/360"}],"wp:featuredmedia":[{"embeddable":true,"href":"https:\/\/www.datow-kfz.de\/index.php?rest_route=\/wp\/v2\/media\/228"}],"wp:attachment":[{"href":"https:\/\/www.datow-kfz.de\/index.php?rest_route=%2Fwp%2Fv2%2Fmedia&parent=108"}],"curies":[{"name":"wp","href":"https:\/\/api.w.org\/{rel}","templated":true}]}}